{"id":2294,"date":"2019-12-29T12:10:34","date_gmt":"2019-12-29T10:10:34","guid":{"rendered":"https:\/\/www.vremea.ro\/gt\/wp-content\/uploads\/2019\/12\/de_model-de-310-1_moddeuhd_2019122906_87_958_294.png"},"modified":"2019-12-29T12:11:09","modified_gmt":"2019-12-29T10:11:09","slug":"de_model-de-310-1_moddeuhd_2019122906_87_958_294","status":"inherit","type":"attachment","link":"https:\/\/www.vremea.ro\/gt\/prognoza-pentru-30-decembrie-2-ianuarie-vremea-de-revelion\/de_model-de-310-1_moddeuhd_2019122906_87_958_294\/","title":{"rendered":"Z\u0103pada depus\u0103 peste Rom\u00e2nia"},"author":1,"featured_media":0,"comment_status":"open","ping_status":"closed","template":"","meta":{"jetpack_post_was_ever_published":false},"class_list":["post-2294","attachment","type-attachment","status-inherit","hentry"],"jetpack_sharing_enabled":true,"description":{"rendered":"<p class=\"attachment\"><a href='https:\/\/www.vremea.ro\/gt\/wp-content\/uploads\/2019\/12\/de_model-de-310-1_moddeuhd_2019122906_87_958_294.png'><img loading=\"lazy\" decoding=\"async\" width=\"300\" height=\"300\" src=\"https:\/\/www.vremea.ro\/gt\/wp-content\/uploads\/2019\/12\/de_model-de-310-1_moddeuhd_2019122906_87_958_294-300x300.png\" class=\"attachment-medium size-medium\" alt=\"\" srcset=\"https:\/\/www.vremea.ro\/gt\/wp-content\/uploads\/2019\/12\/de_model-de-310-1_moddeuhd_2019122906_87_958_294-300x300.png 300w, https:\/\/www.vremea.ro\/gt\/wp-content\/uploads\/2019\/12\/de_model-de-310-1_moddeuhd_2019122906_87_958_294-150x150.png 150w, https:\/\/www.vremea.ro\/gt\/wp-content\/uploads\/2019\/12\/de_model-de-310-1_moddeuhd_2019122906_87_958_294-624x624.png 624w, https:\/\/www.vremea.ro\/gt\/wp-content\/uploads\/2019\/12\/de_model-de-310-1_moddeuhd_2019122906_87_958_294.png 760w\" sizes=\"auto, (max-width: 300px) 100vw, 300px\" \/><\/a><\/p>\n"},"caption":{"rendered":"<p>Stratul de zapada estimat a se depune pana in seara zilei de miercuri. In estul tarii va ninge temporar si se va depune un strat de zapada de pana la 5-10 centimetri pe intreg parcursul intervalului. Si la Bucuresti se vor semnala precipitatii slabe sub forma de lapovita si ninsoare, insa strat de zapada se va depune doar in zonele periferice ale orasului (1-3 centimetri), datorita insulei de caldura urbana a Capitalei. Sursa: kachelmannwetter.com, model ICON-EU.<\/p>\n"},"alt_text":"","media_type":"image","mime_type":"image\/png","media_details":{"width":760,"height":760,"file":"2019\/12\/de_model-de-310-1_moddeuhd_2019122906_87_958_294.png","sizes":{"thumbnail":{"file":"de_model-de-310-1_moddeuhd_2019122906_87_958_294-150x150.png","width":150,"height":150,"mime_type":"image\/png","source_url":"https:\/\/www.vremea.ro\/gt\/wp-content\/uploads\/2019\/12\/de_model-de-310-1_moddeuhd_2019122906_87_958_294-150x150.png"},"medium":{"file":"de_model-de-310-1_moddeuhd_2019122906_87_958_294-300x300.png","width":300,"height":300,"mime_type":"image\/png","source_url":"https:\/\/www.vremea.ro\/gt\/wp-content\/uploads\/2019\/12\/de_model-de-310-1_moddeuhd_2019122906_87_958_294-300x300.png"},"post-thumbnail":{"file":"de_model-de-310-1_moddeuhd_2019122906_87_958_294-624x624.png","width":624,"height":624,"mime_type":"image\/png","source_url":"https:\/\/www.vremea.ro\/gt\/wp-content\/uploads\/2019\/12\/de_model-de-310-1_moddeuhd_2019122906_87_958_294-624x624.png"},"full":{"file":"de_model-de-310-1_moddeuhd_2019122906_87_958_294.png","width":760,"height":760,"mime_type":"image\/png","source_url":"https:\/\/www.vremea.ro\/gt\/wp-content\/uploads\/2019\/12\/de_model-de-310-1_moddeuhd_2019122906_87_958_294.png"}},"image_meta":{"aperture":"0","credit":"","camera":"","caption":"","created_timestamp":"0","copyright":"","focal_length":"0","iso":"0","shutter_speed":"0","title":"","orientation":"0","keywords":[]}},"post":2293,"source_url":"https:\/\/www.vremea.ro\/gt\/wp-content\/uploads\/2019\/12\/de_model-de-310-1_moddeuhd_2019122906_87_958_294.png","_links":{"self":[{"href":"https:\/\/www.vremea.ro\/gt\/wp-json\/wp\/v2\/media\/2294","targetHints":{"allow":["GET"]}}],"collection":[{"href":"https:\/\/www.vremea.ro\/gt\/wp-json\/wp\/v2\/media"}],"about":[{"href":"https:\/\/www.vremea.ro\/gt\/wp-json\/wp\/v2\/types\/attachment"}],"author":[{"embeddable":true,"href":"https:\/\/www.vremea.ro\/gt\/wp-json\/wp\/v2\/users\/1"}],"replies":[{"embeddable":true,"href":"https:\/\/www.vremea.ro\/gt\/wp-json\/wp\/v2\/comments?post=2294"}],"wp:attached-to":[{"embeddable":true,"post_type":"post","id":2293,"href":"https:\/\/www.vremea.ro\/gt\/wp-json\/wp\/v2\/posts\/2293"}],"curies":[{"name":"wp","href":"https:\/\/api.w.org\/{rel}","templated":true}]}}

Zăpada depusă peste România
