{"id":2409,"date":"2020-02-13T21:32:06","date_gmt":"2020-02-13T19:32:06","guid":{"rendered":"https:\/\/www.vremea.ro\/gt\/wp-content\/uploads\/2020\/02\/euPrecMonInd2.gif"},"modified":"2020-02-13T21:32:36","modified_gmt":"2020-02-13T19:32:36","slug":"euprecmonind2-2","status":"inherit","type":"attachment","link":"https:\/\/www.vremea.ro\/gt\/vremea-in-luna-martie-2020\/euprecmonind2-2\/","title":{"rendered":"Precipita\u021biile din luna martie 2020"},"author":1,"featured_media":0,"comment_status":"open","ping_status":"closed","template":"","meta":{"jetpack_post_was_ever_published":false},"class_list":["post-2409","attachment","type-attachment","status-inherit","hentry"],"jetpack_sharing_enabled":true,"description":{"rendered":"<p class=\"attachment\"><a href='https:\/\/www.vremea.ro\/gt\/wp-content\/uploads\/2020\/02\/euPrecMonInd2.gif'><img loading=\"lazy\" decoding=\"async\" width=\"300\" height=\"232\" src=\"https:\/\/www.vremea.ro\/gt\/wp-content\/uploads\/2020\/02\/euPrecMonInd2-300x232.gif\" class=\"attachment-medium size-medium\" alt=\"\" srcset=\"https:\/\/www.vremea.ro\/gt\/wp-content\/uploads\/2020\/02\/euPrecMonInd2-300x232.gif 300w, https:\/\/www.vremea.ro\/gt\/wp-content\/uploads\/2020\/02\/euPrecMonInd2-768x593.gif 768w, https:\/\/www.vremea.ro\/gt\/wp-content\/uploads\/2020\/02\/euPrecMonInd2-1024x791.gif 1024w, https:\/\/www.vremea.ro\/gt\/wp-content\/uploads\/2020\/02\/euPrecMonInd2-624x482.gif 624w\" sizes=\"auto, (max-width: 300px) 100vw, 300px\" \/><\/a><\/p>\n"},"caption":{"rendered":"<p>Abaterile cantit\u0103\u021bilor de precipita\u021bii estimate a se \u00eenregistra pe parcursul lunii martie. Per ansamblu, \u00een pofida unor precipita\u021bii moderate cantitativ \u00een prima parte a lunii, la nivel na\u021bional \u00eentreaga lun\u0103 martie este a\u0219teptat\u0103 a fi secetoas\u0103, datorit\u0103 cvasi-lipsei precipita\u021biilor din ultimele 10-15 zile, cea mai \u201cuscata\u201d regiune urm\u00e2nd s\u0103 fie Banatul.  Sursa: NOAA, model CFSv2.<\/p>\n"},"alt_text":"","media_type":"image","mime_type":"image\/gif","media_details":{"width":1100,"height":850,"file":"2020\/02\/euPrecMonInd2.gif","sizes":{"thumbnail":{"file":"euPrecMonInd2-150x150.gif","width":150,"height":150,"mime_type":"image\/gif","source_url":"https:\/\/www.vremea.ro\/gt\/wp-content\/uploads\/2020\/02\/euPrecMonInd2-150x150.gif"},"medium":{"file":"euPrecMonInd2-300x232.gif","width":300,"height":232,"mime_type":"image\/gif","source_url":"https:\/\/www.vremea.ro\/gt\/wp-content\/uploads\/2020\/02\/euPrecMonInd2-300x232.gif"},"medium_large":{"file":"euPrecMonInd2-768x593.gif","width":768,"height":593,"mime_type":"image\/gif","source_url":"https:\/\/www.vremea.ro\/gt\/wp-content\/uploads\/2020\/02\/euPrecMonInd2-768x593.gif"},"large":{"file":"euPrecMonInd2-1024x791.gif","width":1024,"height":791,"mime_type":"image\/gif","source_url":"https:\/\/www.vremea.ro\/gt\/wp-content\/uploads\/2020\/02\/euPrecMonInd2-1024x791.gif"},"post-thumbnail":{"file":"euPrecMonInd2-624x482.gif","width":624,"height":482,"mime_type":"image\/gif","source_url":"https:\/\/www.vremea.ro\/gt\/wp-content\/uploads\/2020\/02\/euPrecMonInd2-624x482.gif"},"full":{"file":"euPrecMonInd2.gif","width":1100,"height":850,"mime_type":"image\/gif","source_url":"https:\/\/www.vremea.ro\/gt\/wp-content\/uploads\/2020\/02\/euPrecMonInd2.gif"}},"image_meta":{"aperture":"0","credit":"","camera":"","caption":"","created_timestamp":"0","copyright":"","focal_length":"0","iso":"0","shutter_speed":"0","title":"","orientation":"0","keywords":[]}},"post":2405,"source_url":"https:\/\/www.vremea.ro\/gt\/wp-content\/uploads\/2020\/02\/euPrecMonInd2.gif","_links":{"self":[{"href":"https:\/\/www.vremea.ro\/gt\/wp-json\/wp\/v2\/media\/2409","targetHints":{"allow":["GET"]}}],"collection":[{"href":"https:\/\/www.vremea.ro\/gt\/wp-json\/wp\/v2\/media"}],"about":[{"href":"https:\/\/www.vremea.ro\/gt\/wp-json\/wp\/v2\/types\/attachment"}],"author":[{"embeddable":true,"href":"https:\/\/www.vremea.ro\/gt\/wp-json\/wp\/v2\/users\/1"}],"replies":[{"embeddable":true,"href":"https:\/\/www.vremea.ro\/gt\/wp-json\/wp\/v2\/comments?post=2409"}],"wp:attached-to":[{"embeddable":true,"post_type":"post","id":2405,"href":"https:\/\/www.vremea.ro\/gt\/wp-json\/wp\/v2\/posts\/2405"}],"curies":[{"name":"wp","href":"https:\/\/api.w.org\/{rel}","templated":true}]}}

Precipitațiile din luna martie 2020

<p>Abaterile cantităților de precipitații estimate a se înregistra pe parcursul lunii martie. Per ansamblu, în pofida unor precipitații moderate cantitativ în prima parte a lunii, la nivel național întreaga lună martie este așteptată a fi secetoasă, datorită cvasi-lipsei precipitațiilor din ultimele 10-15 zile, cea mai “uscata” regiune urmând să fie Banatul.  Sursa: NOAA, model CFSv2.</p>
